{"id":599,"date":"2022-12-04T22:30:35","date_gmt":"2022-12-04T20:30:35","guid":{"rendered":"https:\/\/roteruebenpasing.wordpress.com\/?page_id=599"},"modified":"2022-12-04T22:30:35","modified_gmt":"2022-12-04T20:30:35","slug":"impressum","status":"publish","type":"page","link":"http:\/\/rote-rueben.de\/home\/uber-uns\/impressum\/","title":{"rendered":"Impressum"},"content":{"rendered":"\n<p>Rote R\u00fcben e.V.<br>August-Exter-Str. 1<br>81245 M\u00fcnchen<\/p>\n\n\n\n<p>E-Mail:&nbsp;<a href=\"mailto:info@rote-rueben-muenchen.de\">info@rote-rueben-muenchen.de<\/a><\/p>\n\n\n\n<p>Der Verein Elterninitiative Rote R\u00fcben e.V. ist im Vereinsregister des<br>Amtsgerichts M\u00fcnchen, Registergericht eingetragen.<\/p>\n\n\n\n<p>Die Elterninitiative Rote R\u00fcben e.V. wird gesetzlich vertreten durch den Vorstand<br>Astrid Segeth<br>Mail:&nbsp;<a href=\"mailto:info@rote-rueben-muenchen.de\">info@rote-rueben-muenchen.de<\/a><\/p>\n\n\n\n<div style=\"height:32px\" aria-hidden=\"true\" class=\"wp-block-spacer desktop-only\"><\/div>\n","protected":false},"excerpt":{"rendered":"<p>Rote R\u00fcben e.V.August-Exter-Str. 181245 M\u00fcnchen E-Mail:&nbsp;info@rote-rueben-muenchen.de Der Verein Elterninitiative Rote R\u00fcben e.V. ist im Vereinsregister desAmtsgerichts M\u00fcnchen, Registergericht eingetragen. Die Elterninitiative Rote R\u00fcben e.V. wird gesetzlich vertreten durch den VorstandAstrid SegethMail:&nbsp;info@rote-rueben-muenchen.de<\/p>\n","protected":false},"author":1,"featured_media":0,"parent":79,"menu_order":1,"comment_status":"closed","ping_status":"closed","template":"","meta":{"footnotes":""},"class_list":["post-599","page","type-page","status-publish","hentry"],"_links":{"self":[{"href":"http:\/\/rote-rueben.de\/home\/wp-json\/wp\/v2\/pages\/599","targetHints":{"allow":["GET"]}}],"collection":[{"href":"http:\/\/rote-rueben.de\/home\/wp-json\/wp\/v2\/pages"}],"about":[{"href":"http:\/\/rote-rueben.de\/home\/wp-json\/wp\/v2\/types\/page"}],"author":[{"embeddable":true,"href":"http:\/\/rote-rueben.de\/home\/wp-json\/wp\/v2\/users\/1"}],"replies":[{"embeddable":true,"href":"http:\/\/rote-rueben.de\/home\/wp-json\/wp\/v2\/comments?post=599"}],"version-history":[{"count":0,"href":"http:\/\/rote-rueben.de\/home\/wp-json\/wp\/v2\/pages\/599\/revisions"}],"up":[{"embeddable":true,"href":"http:\/\/rote-rueben.de\/home\/wp-json\/wp\/v2\/pages\/79"}],"wp:attachment":[{"href":"http:\/\/rote-rueben.de\/home\/wp-json\/wp\/v2\/media?parent=599"}],"curies":[{"name":"wp","href":"https:\/\/api.w.org\/{rel}","templated":true}]}}