{"id":56,"date":"2019-09-24T21:13:09","date_gmt":"2019-09-24T19:13:09","guid":{"rendered":"https:\/\/roteruebenpasing.wordpress.com\/?page_id=56"},"modified":"2025-12-07T11:58:50","modified_gmt":"2025-12-07T11:58:50","slug":"kontakt","status":"publish","type":"page","link":"http:\/\/rote-rueben.de\/home\/kontakt\/","title":{"rendered":"Kontakt"},"content":{"rendered":"\n<p class=\"has-text-align-left\"> Du erreichst uns einfach \u00fcber die Kontaktangaben weiter unten, oder du kannst uns eine Nachricht \u00fcber das Formular senden.<\/p>\n\n\n\n<div style=\"height:32px\" aria-hidden=\"true\" class=\"wp-block-spacer desktop-only\"><\/div>\n\n\n\n<div class=\"wp-block-columns alignwide has-2-columns is-layout-flex wp-container-core-columns-is-layout-28f84493 wp-block-columns-is-layout-flex\">\n<div class=\"wp-block-column is-layout-flow wp-block-column-is-layout-flow\">\n<div class=\"wp-block-jetpack-contact-info\">\n<div class=\"wp-block-jetpack-email\"><a href=\"mailto:info@rote-rueben-muenchen.de\">info@rote-rueben-muenchen.de<\/a><\/div>\n<div class=\"wp-block-jetpack-phone\"><a href=\"tel:+498927780896\">+49 89 277 80896<\/a><\/div>\n<div class=\"wp-block-jetpack-address\"><a href=\"https:\/\/www.google.com\/maps\/search\/August-Exter-Stra\u00dfe+1,+M\u00fcnchen,+Bayern,+81245+Deutschland\" target=\"_blank\" rel=\"noopener noreferrer\" title=\"Adresse in Google Maps \u00f6ffnen\"><div class=\"jetpack-address__address jetpack-address__address1\">August-Exter-Stra\u00dfe 1<\/div><div><span class=\"jetpack-address__city\">M\u00fcnchen<\/span>, <span class=\"jetpack-address__region\">Bayern<\/span> <span class=\"jetpack-address__postal\">81245<\/span><\/div><div class=\"jetpack-address__country\">Deutschland<\/div><\/a><\/div>\n<\/div>\n<\/div>\n\n\n\n<div class=\"wp-block-column is-layout-flow wp-block-column-is-layout-flow\" style=\"flex-basis:50%\">\n<h2 class=\"wp-block-heading has-text-align-left\">Eine Nachricht senden<\/h2>\n\n\n\n<div class=\"wp-block-jetpack-contact-form\">\n\n\n\n\n<\/div>\n<\/div>\n<\/div>\n\n\n\n<p><\/p>\n","protected":false},"excerpt":{"rendered":"<p>Du erreichst uns einfach \u00fcber die Kontaktangaben weiter unten, oder du kannst uns eine Nachricht \u00fcber das Formular senden. info@rote-rueben-muenchen.de +49 89 277 80896 August-Exter-Stra\u00dfe 1 M\u00fcnchen, Bayern 81245 Deutschland Eine Nachricht senden<\/p>\n","protected":false},"author":1,"featured_media":0,"parent":0,"menu_order":0,"comment_status":"closed","ping_status":"closed","template":"","meta":{"footnotes":""},"class_list":["post-56","page","type-page","status-publish","hentry"],"_links":{"self":[{"href":"http:\/\/rote-rueben.de\/home\/wp-json\/wp\/v2\/pages\/56","targetHints":{"allow":["GET"]}}],"collection":[{"href":"http:\/\/rote-rueben.de\/home\/wp-json\/wp\/v2\/pages"}],"about":[{"href":"http:\/\/rote-rueben.de\/home\/wp-json\/wp\/v2\/types\/page"}],"author":[{"embeddable":true,"href":"http:\/\/rote-rueben.de\/home\/wp-json\/wp\/v2\/users\/1"}],"replies":[{"embeddable":true,"href":"http:\/\/rote-rueben.de\/home\/wp-json\/wp\/v2\/comments?post=56"}],"version-history":[{"count":2,"href":"http:\/\/rote-rueben.de\/home\/wp-json\/wp\/v2\/pages\/56\/revisions"}],"predecessor-version":[{"id":973,"href":"http:\/\/rote-rueben.de\/home\/wp-json\/wp\/v2\/pages\/56\/revisions\/973"}],"wp:attachment":[{"href":"http:\/\/rote-rueben.de\/home\/wp-json\/wp\/v2\/media?parent=56"}],"curies":[{"name":"wp","href":"https:\/\/api.w.org\/{rel}","templated":true}]}}